 Let x(h) = h + 4. Calculate the remainder when k is divided by x(3).
6
Suppose 5*d = -4*x + 29, 2*d = -0*d - 2*x + 10. Calculate the remainder when 26 is divided by d.
8
Let c = 12 - -8. Suppose -2*a + c + 6 = 0. What is the remainder when 38 is divided by a?
12
Let f = -11 - -20. Let a = f + -15. Calculate the remainder when 17 is divided by 2/4*a*-3.
8
Let x(k) = 2*k - 29. Let j(g) = g. Let y be j(-3). Calculate the remainder when (-38)/y - (-2)/6 is divided by x(18).
6
Suppose -5*o - 7 - 13 = 0, -2*o + 24 = 4*q. Let v = 5 - q. Calculate the remainder when 29 is divided by (v/(-2))/(6/32).
5
Suppose 0*p = -5*p + 210. Let z = -28 + p. What is the remainder when 53 is divided by z?
11
Calculate the remainder when 38 is divided by (-2)/(-6) - 76/(-6).
12
Suppose -2*v = -5*b + 2*v + 45, -40 = -3*b + 5*v. Suppose -6*y - 110 = -7*y. Suppose -b*z = -0*z - y. Calculate the remainder when 43 is divided by z.
21
Let p(j) = j**2 - 5*j + 5. Let u be (-6 - -10) + (-2)/(-1). What is the remainder when 29 is divided by p(u)?
7
Let k = -151 - -211. Suppose -3*l + 3 = -k. What is the remainder when 39 is divided by l?
18
Let v = -120 + 123. Suppose d - 3 = 1. What is the remainder when d is divided by v?
1
Suppose 5*s = -z + 106, -z = -5*s + z + 118. Calculate the remainder when 84 is divided by s.
18
Let v be (0 - 2)*10/(-5). Calculate the remainder when (-6)/4 + 242/v is divided by 20.
19
Let y be 32/4 - (0 - 1). Suppose f + 0 = y. What is the remainder when 26 is divided by f?
8
Suppose -l + 23 = 3*p, -p + 41 = l + l. Suppose -15 = o - 53. What is the remainder when o is divided by l?
18
Suppose 2*m = 10*m - 136. Calculate the remainder when 134 is divided by m.
15
Suppose -4*h + 0 - 20 = 0, -3*h - 18 = -r. Suppose 2*o + 2*u = -r*o + 175, -4*u = 4*o - 140. What is the remainder when o is divided by (9/126*72)/(2/7)?
17
Suppose 29 = l - 0*l - 5*a, 5*l + 4*a = 87. Calculate the remainder when 74 is divided by l.
17
Suppose -5*d = -2*d - 84. Let k = 165 + -90. Suppose 3*z = 8*z - k. Calculate the remainder when d is divided by z.
13
Suppose -u - 5*t = -4*t - 9, -4*t = 0. Let p be 1 + -4*(-1 - 0). Suppose -5*j = -4*g + 35, p*j + 20 = -0*g + g. What is the remainder when u is divided by g?
4
Suppose -35 = -4*c + 5. What is the remainder when 18 is divided by c?
8
Let o be (2 - -1)/(9/15). Let z = o + -3. Suppose 0 = 2*j - 2*l - 2*l - 20, l = -2*j. Calculate the remainder when j is divided by z.
0
Let u = -33 - -99. What is the remainder when u is divided by 17?
15
Let n(j) = -j**3 - j + 14. Let q(z) = 3*z**3 - z**2 - z. Let y be q(2). Suppose 14 = 4*s - y. Calculate the remainder when n(0) is divided by s.
6
Suppose 20 = g - 7. What is the remainder when 106 is divided by g?
25
Suppose 3*q - 12 = 0, -2*c = -3*c - 2*q + 20. What is the remainder when 43 is divided by c?
7
Calculate the remainder when 25 is divided by 11 - 1 - (-12)/4.
12
Suppose -3*z + z + 16 = 0. Let y(u) = -5*u**3 + 1. Calculate the remainder when (z/(-6))/(10/(-75)) is divided by y(-1).
4
Let o = 0 - -29. Calculate the remainder when o is divided by 8.
5
Let m(j) = j**2 + 2*j - 1 - j - 3*j. Calculate the remainder when 66 is divided by m(-4).
20
Let k(l) = -l**2 - 8*l + 2. What is the remainder when k(-7) is divided by 7?
2
Suppose 2*b = -3*h + 4*h - 4, -b - 2 = h. Suppose h = 3*d + 7 + 23. Let p = -5 - d. Calculate the remainder when 8 is divided by p.
3
Let n(i) = -12*i**3 + i**2 + i. Let y be (-3)/(-2*6/(-16)). Let u(f) = f + 3. Let o be u(y). What is the remainder when 35 is divided by n(o)?
11
Let j be 12/10*10/(-1). Let w = 0 - j. What is the remainder when w + 0/(2 + -3) is divided by 7?
5
Suppose 2*n - 109 = -5*f, 0 = -n - 2*n + 3*f + 111. What is the remainder when n is divided by 108/10 - 2/(-10)?
9
Let i = 2 - -2. Suppose -4*w + i = -3*w. Suppose h = -w + 11. Calculate the remainder when h is divided by 4.
3
Suppose 0 = z - 2*z + 11. Let b = 21 + -13. Calculate the remainder when z is divided by 125/20 + (-2)/b.
5
Let d(k) = 6*k + 1. Let p be 10/15 - 8/(-6). Calculate the remainder when 166/7 - (-2)/7 is divided by d(p).
11
Let h = 72 - 51. Calculate the remainder when h is divided by 11.
10
Let s(z) = 3 + z**3 - 1 - 4*z**2 - 2*z**2 + z + 4*z**2. What is the remainder when s(5) is divided by 21?
19
Let x = 13 + -9. Suppose -183 = v - x*v. What is the remainder when v is divided by 32?
29
Let b be (-530)/(-4) + 4/8. Suppose -j - 2*j + b = h, 61 = j - 3*h. Calculate the remainder when j is divided by 12.
10
Let i be ((-8)/24)/(2/12). Suppose 0 = 5*r - 2*u + 12, -4*r - 3 = 5*u - 0. Calculate the remainder when 22 is divided by r - i - (1 - 9).
6
Let a(s) = s**3 + 18*s**2 + 16*s + 13. What is the remainder when a(-17) is divided by 9?
3
Let p(b) = -6*b**3 + 2*b**2 - 4. Calculate the remainder when p(-2) is divided by 30.
22
Let j = -11 + 41. What is the remainder when j is divided by 17?
13
Suppose 2*q = -4*v + 47 + 9, -4*v = 4*q - 48. Calculate the remainder when 29 is divided by v.
13
Suppose g = 4*g - 60. What is the remainder when g is divided by 4?
0
Let b(h) = -2*h - 3. Let t be b(-12). Suppose -2*i + i = -t. What is the remainder when 81 is divided by i?
18
Suppose -3*a = -2*a - 41. What is the remainder when a is divided by 11?
8
Suppose 32*n - 567 = 25*n. Calculate the remainder when n is divided by 12.
9
Suppose -4*m + 73 = 5*q, -1 + 0 = -q. Let s = 35 + 14. Calculate the remainder when s is divided by m.
15
Let s(i) = -i - 2. Let k be s(-4). Let g = k + 20. Calculate the remainder when 64 is divided by g.
20
Let n = 27 - 24. Calculate the remainder when 6 is divided by n.
0
Let a(n) = -n - 1. Let u be a(-5). Suppose -w = 3*g - 59, 2*w + 0*w - 128 = -u*g. Calculate the remainder when w is divided by 19.
17
Let y(h) = h**2 + 7*h + 8. Calculate the remainder when (-4)/14 - (-480)/210 is divided by y(-6).
0
Let w = 52 - 45. Let u = 50 - 30. Calculate the remainder when u is divided by w.
6
Suppose 5*d - 3*s - 18 = -2*s, 0 = d - 5*s - 18. Let j(a) = -a**2 + a. Let f be j(0). Let l = 2 - f. Calculate the remainder when d is divided by l.
1
Suppose -77 = -i - 2*y + y, -5*i + 375 = -5*y. What is the remainder when i is divided by 39?
37
Let n = -2 - -4. Calculate the remainder when n is divided by 1.
0
Suppose -4*u - x = -2*u - 33, 0 = -u - 3*x + 9. Suppose 5*b + 3*p - 65 = 0, -3*b - b + 60 = 4*p. Calculate the remainder when u is divided by b.
8
Suppose -19*a + 699 + 726 = 0. Calculate the remainder when a is divided by 38.
37
Let l(i) = -5*i**2 + i - 2. Let m be l(2). Let v = m - -35. Calculate the remainder when 29 is divided by v.
14
Suppose 4*o = -2*z - 2*z + 4, 0 = 3*o. Let w(u) = -2*u - 15. What is the remainder when w(-9) is divided by z?
0
Let i(k) = 4*k + 16. What is the remainder when 236 is divided by i(8)?
44
What is the remainder when (26 - (-3 - 0)) + 3 is divided by 12?
8
Suppose 7*f = 6*f + 40. What is the remainder when f is divided by 21?
19
Let d(n) = n**3 - 3*n**2 - 11*n - 7. Calculate the remainder when d(6) is divided by 10.
5
Let p(w) = 5*w**2 + 4*w + 3. Let s(k) = k**2. Let t(v) = p(v) - 3*s(v). Calculate the remainder when (-1)/3*-3 - -6 is divided by t(-2).
1
Let w(o) = -8*o**3 + o**2 - 1. Suppose 5*u = 4*u + 469. Calculate the remainder when u/21 - (-2)/3 is divided by w(-1).
7
Suppose -4 = -5*w + 3*w. Suppose -5 + 0 = -5*p + w*h, -h = 5*p - 5. What is the remainder when 2 is divided by p?
0
Let r = -20 - -37. What is the remainder when 66 is divided by r?
15
Let n(t) = t**3 - 10*t**2 - 10*t - 10. Let s be n(11). Suppose f - s = -0*f. Suppose 4*k - 7 + 3 = 0. Calculate the remainder when k is divided by f.
0
Let o(b) = -b**3 - 8*b**2 - 3*b - 3. Let h be o(-9). Suppose 0 = 4*p - 9*p + h. Calculate the remainder when 41 is divided by p.
20
Let j = -16 - -38. What is the remainder when 103 is divided by j?
15
Let z(a) = -36*a - 3. Let m be z(-2). Let y = m - 43. What is the remainder when y is divided by 9?
8
Let p be (104/(-10))/(2/(-10)). Suppose g + 3*g = p. What is the remainder when 24 is divided by g?
11
Let f(u) = 3*u + 8. Calculate the remainder when 50 is divided by f(2).
8
Let d = 37 - 33. Suppose -f + 2 = -0. Calculate the remainder when d is divided by f.
0
Suppose 4*t + 22 = 274. Calculate the remainder when t is divided by 17.
12
Let k b